ainder when 2174763 is divided by 66.
63
What is the remainder when 910 is divided by 151?
4
What is the remainder when 11856 is divided by 1479?
24
What is the remainder when 67565 is divided by 4504?
5
What is the remainder when 1386 is divided by 1259?
127
What is the remainder when 4787 is divided by 28?
27
Calculate the remainder when 946 is divided by 98.
64
What is the remainder when 49627 is divided by 16?
11
Calculate the remainder when 2005 is divided by 113.
84
What is the remainder when 3030 is divided by 957?
159
What is the remainder when 1182 is divided by 311?
249
What is the remainder when 2527147 is divided by 16?
11
What is the remainder when 43557 is divided by 40?
37
Calculate the remainder when 4395 is divided by 52.
27
Calculate the remainder when 38386 is divided by 4790.
66
What is the remainder when 27267 is divided by 31?
18
Calculate the remainder when 1798 is divided by 487.
337
What is the remainder when 8514 is divided by 131?
130
Calculate the remainder when 19693 is divided by 194.
99
Calculate the remainder when 13712 is divided by 3424.
16
Calculate the remainder when 120128 is divided by 40033.
29
What is the remainder when 3736 is divided by 579?
262
Calculate the remainder when 460495 is divided by 68.
67
What is the remainder when 58799 is divided by 150?
149
What is the remainder when 21946 is divided by 10860?
226
Calculate the remainder when 683 is divided by 609.
74
Calculate the remainder when 3508 is divided by 135.
133
What is the remainder when 11293 is divided by 4?
1
Calculate the remainder when 317095 is divided by 2936.
7
What is the remainder when 65941 is divided by 21980?
1
What is the remainder when 2661 is divided by 164?
37
What is the remainder when 622798 is divided by 91?
85
Calculate the remainder when 3644 is divided by 965.
749
What is the remainder when 35072 is divided by 142?
140
Calculate the remainder when 5346 is divided by 300.
246
Calculate the remainder when 122325 is divided by 4368.
21
What is the remainder when 180810 is divided by 22?
14
Calculate the remainder when 234964 is divided by 3916.
4
Calculate the remainder when 14908 is divided by 1241.
16
Calculate the remainder when 3169 is divided by 684.
433
What is the remainder when 112444 is divided by 441?
430
Calculate the remainder when 79039 is divided by 328.
319
Calculate the remainder when 257238 is divided by 8870.
8
What is the remainder when 33794 is divided by 881?
316
What is the remainder when 120169 is divided by 17?
13
What is the remainder when 5005 is divided by 1233?
73
What is the remainder when 377 is divided by 25?
2
What is the remainder when 17886 is divided by 63?
57
What is the remainder when 30444 is divided by 173?
169
Calculate the remainder when 21650 is divided by 1273.
9
What is the remainder when 13651 is divided by 1276?
891
Calculate the remainder when 457563 is divided by 152519.
6
Calculate the remainder when 34514 is divided by 208.
194
Calculate the remainder when 3577 is divided by 516.
481
What is the remainder when 6791 is divided by 6780?
11
What is the remainder when 1685 is divided by 627?
431
What is the remainder when 26746 is divided by 3341?
18
What is the remainder when 20026 is divided by 54?
46
What is the remainder when 14162 is divided by 97?
0
Calculate the remainder when 47252 is divided by 139.
131
What is the remainder when 2053 is divided by 298?
265
Calculate the remainder when 3321 is divided by 3013.
308
What is the remainder when 171496 is divided by 686?
682
Calculate the remainder when 383827 is divided by 291.
289
Calculate the remainder when 279 is divided by 177.
102
Calculate the remainder when 5167 is divided by 34.
33
What is the remainder when 43667 is divided by 43561?
106
What is the remainder when 92217 is divided by 262?
255
What is the remainder when 60989 is divided by 251?
247
Calculate the remainder when 85411 is divided by 97.
51
What is the remainder when 78604 is divided by 50?
4
What is the remainder when 427188 is divided by 729?
723
What is the remainder when 334591 is divided by 757?
754
What is the remainder when 16130 is divided by 129?
5
Calculate the remainder when 375538 is divided by 29.
17
What is the remainder when 1381 is divided by 830?
551
Calculate the remainder when 991718 is divided by 49584.
38
Calculate the remainder when 1223219 is divided by 740.
739
Calculate the remainder when 1356 is divided by 10.
6
What is the remainder when 39632 is divided by 4?
0
Calculate the remainder when 17530 is divided by 4362.
82
Calculate the remainder when 5811 is divided by 1873.
192
Calculate the remainder when 417410 is divided by 953.
949
Calculate the remainder when 20252 is divided by 13.
11
What is the remainder when 1197 is divided by 14?
7
Calculate the remainder when 200159 is divided by 14297.
1
Calculate the remainder when 28 is divided by 14.
0
What is the remainder when 61544 is divided by 63?
56
What is the remainder when 2042 is divided by 6?
2
Calculate the remainder when 852162 is divided by 163.
161
Calculate the remainder when 18865 is divided by 2095.
10
What is the remainder when 4296 is divided by 2447?
1849
Calculate the remainder when 837263 is divided by 443.
436
What is the remainder when 242189 is divided by 195?
194
Calculate the remainder when 4464 is divided by 143.
31
Calculate the remainder when 7354 is divided by 32.
26
What is the remainder when 39798 is divided by 831?
741
Calculate the remainder when 836998 is divided by 229.
3
What is the remainder when 26059 is divided by 4343?
1
Calculate the remainder when 21641 is divided by 18.
5
What is the remainder when 71590 is divided by 10227?
1
Calculate the remainder when 1889 is divided by 30.
29
Calculate the remainder when 6255 is divided by 17.
16
What is the remainder when 53444 is divided by 208?
196
Calculate the remainder when 1769 is divided by 268.
161
What is the remainder when 212843 is divided by 99?
92
Calculate the remainder when 3519 is divided by 59.
38
What is the remainder when 6098 is divided by 863?
57
What is the remainder when 5206 is divided by 5197?
9
Calculate the remainder when 1404 is divided by 247.
169
What is the remainder when 1169 is divided by 143?
25
What is the remainder when 32378 is divided by 674?
26
Calculate the remainder when 4108 is divided by 576.
76
What is the remainder when 23004 is divided by 77?
58
Calculate the remainder when 1889 is divided by 939.
11
What is the remainder when 69900 is divided by 46?
26
Calculate the remainder when 51817 is divided by 51708.
109
What is the remainder when 17169 is divided by 4290?
9
Calculate the remainder when 100970 is divided by 3155.
10
What is the remainder when 4052 is divided by 357?
125
What is the remainder when 10916 is divided by 254?
248
What is the remainder when 681715 is divided by 97?
96
Calculate the remainder when 152564 is divided by 76280.
4
Calculate the remainder when 15564 is divided by 16.
12
Calculate the remainder when 52218 is divided by 293.
64
What is the remainder when 7042 is divided by 281?
17
Calculate the remainder when 3767647 is divided by 607.
605
What is the remainder when 4963 is divided by 460?
363
What is the remainder when 1313 is divided by 204?
89
Calculate the remainder when 12643 is divided by 204.
199
Calculate the remainder when 194011 is divided by 10.
1
Calculate the remainder when 16580 is divided by 23.
20
Calculate the remainder when 75109 is divided by 145.
144
Calculate the remainder when 2845 is divided by 132.
73
What is the remainder when 6082 is divided by 1007?
40
Calculate the remainder when 42241 is divided by 43.
15
What is the remainder when 9568 is divided by 1583?
70
Calculate the remainder when 77888 is divided by 1067.
1064
Calculate the remainder when 42607 is divided by 16.
15
Calculate the remainder when 1964 is divided by 47.
37
Calculate the remainder when 113174 is divided by 56566.
42
Calculate the remainder when 10606 is divided by 94.
78
Calculate the remainder when 14252 is divided by 58.
42
Calculate the remainder when 1722 is divided by 567.
21
Calculate the remainder when 5535 is divided by 2757.
21
Calculate the remainder when 472598 is divided by 49.
42
Calculate the remainder 